a**4 - a**3 + 2*a + 1. What is the remainder when t(d) is divided by 25?
20
Let h = -996 + 233. Let g = -676 - h. Calculate the remainder when g is divided by 65.
22
Let m(t) = t**3 + 31*t**2 + 229*t + 12. What is the remainder when m(-16) is divided by 98?
90
Let z(h) = 72*h - 298. Calculate the remainder when z(10) is divided by 62.
50
Suppose 0 = -5*l + 4*v + 655, 3*l - 393 = 4*v + v. Suppose 4*q - 3*q = 440. What is the remainder when l is divided by (2/(-8))/((-10)/q)?
10
Suppose 196 = 4*n - 4*w, -2*w = -5*n + 301 - 71. Suppose 6*z = 4*z - t + 28, -n = -4*z + 4*t. Calculate the remainder when z is divided by 3.
1
Suppose 105 = 5*x + k, -23 + 8 = -2*x + 5*k. Suppose -x*b + 9*b = -1089. What is the remainder when b is divided by 32?
3
Let l = 935 + -932. Suppose 0*b = -b - 2*g + 204, -12 = -l*g. Calculate the remainder when b is divided by 70.
56
Let f(q) = q**2 - 4*q + 11. Let v be f(9). Let a = 54 + v. What is the remainder when a is divided by 1*6*28/6?
26
Let b = -398 + 400. Suppose -119 = -5*k + d, -b*k - d = -36 - 13. Calculate the remainder when k is divided by 5.
4
Suppose 0 = -0*l - 26*l. Suppose l*z = -22*z + 572. Calculate the remainder when z is divided by 14.
12
Suppose 4*t - 2142 = -30*t. What is the remainder when 306 is divided by t?
54
Suppose 2*p - 2*l = -2, -4*p - 7 = -0*p - 5*l. Suppose 2*q = -4*t + 18, 0 = -q - 2*t - p*t + 9. What is the remainder when 15 is divided by q?
6
Calculate the remainder when (-444)/37*(-41)/(0 - -1) is divided by 11.
8
Suppose -4*b = -40 - 176. Suppose 28*o - 37*o = 8055. Let l = o - -912. Calculate the remainder when b is divided by l.
3
Let x be 1/(-3) - (0 + 128/(-24)). Calculate the remainder when 298/2 - 24/8 is divided by (x + (-511)/(-35))/(4/10).
48
Suppose -79*i = -97*i + 5311 - 2089. What is the remainder when 8229 is divided by i?
174
Suppose 242 + 78 = 2*r. Suppose -9*v = -14*v - r. Let m(w) = w**3 + 33*w**2 + 32*w + 28. Calculate the remainder when m(v) is divided by 16.
12
Let g = 6398 - 6239. Calculate the remainder when 1746 is divided by g.
156
Suppose 0 = -50*l + 57*l - 28. Let h(c) = l*c**2 - 3*c - 32 + 22 - 2*c**2 + 18. What is the remainder when h(3) is divided by 9?
8
Let a(i) = 18*i + 39. Let y be a(15). Let o = -259 + y. Calculate the remainder when 144 is divided by o.
44
Suppose 2*x = 4*i - 40, -3*i - x + 3*x + 28 = 0. Let g = -50 - -68. Calculate the remainder when i is divided by (-27)/g*(-20)/6.
2
What is the remainder when 8/14 + 0 + 303556477/15337 is divided by 202?
199
Suppose -5*d + 2 = 212. Let j be (-4600)/322*(0 + (-7)/2). Let s = d + j. What is the remainder when s is divided by 5?
3
Suppose 23 = 2*d - 39. Let l(g) = 119*g**2 - 20*g + 20. Calculate the remainder when l(1) is divided by d.
26
Suppose 53*a - 2064 = -57*a - 414. Calculate the remainder when (-1794)/(-10) + (-4)/10 is divided by a.
14
What is the remainder when 815 is divided by ((-738)/33)/((-42)/308)?
159
Suppose a + v - 788 = -2*a, -3*a - 5*v = -808. Let m = a - 171. Calculate the remainder when m is divided by 19.
14
Suppose -11*h - 565 + 598 = 0. Suppose -h*w + 4*w - 6 = 0. Calculate the remainder when 32 is divided by w.
2
Let v(b) = -39*b - 257. Calculate the remainder when 642 is divided by v(-9).
78
Let f = 22773 + -21699. Calculate the remainder when f is divided by 154.
150
Suppose -3*n + 2*w = 2*n - 19, -4*n + 6 = 3*w. Suppose 0 = 9*j + n*j - 624. What is the remainder when j is divided by 9?
7
Suppose 0 = -4*t - 662*x + 659*x + 8457, -5*t = -5*x - 10615. Calculate the remainder when t is divided by 8.
6
Let s(t) = 3*t**2 + 47*t - 34. Let l(z) = 15*z + 8. What is the remainder when l(6) is divided by s(-17)?
30
Let z(r) = r**3 - 36*r**2 + 89*r - 325. Calculate the remainder when 401 is divided by z(34).
12
Suppose 0 = 56*b - 6*b - 250. Let c(j) = -16*j + 115. What is the remainder when 313 is divided by c(b)?
33
Suppose -84 = -2129*n + 2117*n. Calculate the remainder when (-972)/72*(2 + -50) is divided by n.
4
What is the remainder when 30 is divided by ((-16)/(-72))/(16/180)*(-24)/(-20)?
0
Let t(f) = f**3 - 44*f**2 - 297*f + 13071. Let z = 6 - 11. Let o = 7 + z. Calculate the remainder when t(44) is divided by o.
1
Calculate the remainder when 740 + (0 - 2 - -2)*30/30 is divided by 6.
2
Let h(d) = d**3 - 15*d**2 + 12*d + 62. Calculate the remainder when h(20) is divided by 16.
14
Suppose 5*o - 11158 = 4*j, 4*o - 8951 = 163*j - 168*j. Calculate the remainder when o is divided by 86.
84
Suppose -56 = -4*i + 2*i. Suppose 32 = -54613*b + 54629*b. What is the remainder when i is divided by b?
0
Let d(i) = i**2 + 7*i - 34. Suppose 0 = -3*j + 4*q + 59, 4*q - q + 67 = 4*j. What is the remainder when d(-14) is divided by j?
12
Suppose 0 = -3*q - 3*k + 4484 + 2293, 0 = -q - 3*k + 2273. What is the remainder when q is divided by 41?
38
Suppose -250*l = -247*l + 2*q - 1270, q = -4*l + 1700. What is the remainder when 1714 is divided by l?
10
Suppose 4*h = 9*h + 5. What is the remainder when 135/h*-1*1 is divided by 224/7 + -1 + 3?
33
Suppose 41*d = 40*d + g + 102, -2*g = 2*d - 224. What is the remainder when d is divided by (-3 - (-2 - -2)) + 13?
7
Suppose -5*o + 21 = -a, -9*o = -5*a - 12*o + 35. Suppose -4*i - 4*n + 84 = 0, a*i - 79 = n - 4*n. Calculate the remainder when i is divided by 6.
4
Suppose -i + m + 52 = 0, 21*i - 20*i + 5*m = 46. Calculate the remainder when 2193 is divided by i.
0
Let a(q) = -q**3 + 33*q**2 - 249*q - 49. What is the remainder when 7857 is divided by a(17)?
333
Suppose -5*i + 79 = 2*c, -2*c + 103 - 32 = -3*i. What is the remainder when 940 is divided by c?
15
Let o(s) = 19*s**2 - s - 1. Let n be ((-422)/(-3))/((-16)/24). Let i = n - -227. What is the remainder when o(-2) is divided by i?
13
Let n(c) = -3*c**2 - 5*c - 6. Let i be n(-5). Let u = i - -58. Calculate the remainder when 63 is divided by (51/(-3))/(0 + 1 - u).
12
Let g be 14*1 + (-9 - -9). Let c be 110 - (62/g - 33/77). Let j = c - 93. What is the remainder when j is divided by 11?
2
Let r = 1758 - 1708. Calculate the remainder when r is divided by 1.
0
Suppose -82*i = -107*i + 1500. What is the remainder when i is divided by 5?
0
Let l = 1 - 1. Suppose 3*n = 3*s - 42, l = -4*s - 5*n + 3 + 8. Calculate the remainder when 2/((10/2)/((-900)/(-40))) is divided by s.
0
Suppose -2*o = 3*d - 197, 613 = 5*o + d + 140. Suppose 5*f - 5*t = 140, 0 = 4*f + 6*t - 4*t - o. Calculate the remainder when 147 is divided by f.
22
Suppose -1872*j = -1871*j - 196. What is the remainder when 419 is divided by j?
27
Suppose 3*n = -3*z - 6, -3*z - 471*n + 50 = -476*n. Calculate the remainder when 120 is divided by z.
0
Let h be 0 + -3*(-2)/6 + -37. Let m(d) = 51*d**2 + d + 1. What is the remainder when m(-1) is divided by ((-12)/(-8))/((-3)/h)?
15
Suppose 5*a - 2597 = -l, 1154*l - 1150*l = 2*a - 1074. What is the remainder when a is divided by 24?
17
Let f(g) = -5*g + 299. Calculate the remainder when 424 is divided by f(49).
46
Suppose -4*f + 3*r = -1425, -27*f + 23*f = 2*r - 1410. What is the remainder when f is divided by 102?
48
Suppose 2*b = c + 5 + 1, 0 = c - 3*b + 10. Suppose -4*t + 19 + 35 = -c*z, -5*t - 5*z = -45. What is the remainder when 44 is divided by (-8 - 1 - 3)*t/(-9)?
12
Let w be ((-10)/(-15))/((-1)/3). Let h = -4807 - -4810. What is the remainder when 6 - (0 + (-2)/w) is divided by h?
2
Let r(s) = -s**2 - 17*s - 4. Let q be r(-7). Let p = 43 - -103. Suppose p*d = 143*d + q. What is the remainder when 85 is divided by d?
19
Let x be 1411/153 - 4/18. Calculate the remainder when 374 is divided by (x/2)/(2/(364/39)).
17
Let t(s) be the third derivative of -s**3 - 28*s**2 - 1/60*s**5 + 0*s + 1/8*s**4 + 1/120*s**6 + 0. Calculate the remainder when t(3) is divided by 8.
5
Let i = 1179 + -1113. What is the remainder when 1647 is divided by i?
63
Let l = 45 + -2. Suppose -l*o + 1859 = -32*o. Calculate the remainder when o is divided by 10.
9
Let h(m) = -50*m - 2386. Calculate the remainder when 90 is divided by h(-48).
6
Suppose -s + 0*s + 2*a = -1356, 0 = 4*a - 16. Suppose 4*v + s = 4*k, -11*v + 16*v + 1363 = 4*k. Calculate the remainder when k is divided by 69.
66
Let t = -3 + 7. Suppose 93 = 5*b - t*f, -16 - 26 = -2*b + 4*f. Calculate the remainder when (0 + 64/5)/(262/655) is divided by b.
15
Let r(h) = 8